 tens digit of 3101?
0
What is the units digit of 20656?
6
What is the hundreds digit of 9146?
1
What is the ten thousands digit of 21057?
2
What is the units digit of 354?
4
What is the units digit of 20311?
1
What is the tens digit of 3417?
1
What is the hundreds digit of 7638?
6
What is the hundreds digit of 465?
4
What is the ten thousands digit of 14037?
1
What is the tens digit of 254?
5
What is the hundreds digit of 1414?
4
What is the hundreds digit of 439?
4
What is the hundreds digit of 17084?
0
What is the thousands digit of 21230?
1
What is the units digit of 595?
5
What is the units digit of 2730?
0
What is the tens digit of 50922?
2
What is the units digit of 23?
3
What is the units digit of 52917?
7
What is the units digit of 16072?
2
What is the hundreds digit of 252?
2
What is the tens digit of 599?
9
What is the thousands digit of 12197?
2
What is the hundreds digit of 759?
7
What is the ten thousands digit of 26958?
2
What is the thousands digit of 53320?
3
What is the tens digit of 7954?
5
What is the thousands digit of 37906?
7
What is the ten thousands digit of 46801?
4
What is the hundreds digit of 149716?
7
What is the units digit of 99545?
5
What is the units digit of 16716?
6
What is the ten thousands digit of 22762?
2
What is the units digit of 80600?
0
What is the tens digit of 7998?
9
What is the tens digit of 29379?
7
What is the thousands digit of 32100?
2
What is the tens digit of 6132?
3
What is the hundreds digit of 118753?
7
What is the ten thousands digit of 17696?
1
What is the hundreds digit of 36265?
2
What is the units digit of 6153?
3
What is the tens digit of 9318?
1
What is the units digit of 6738?
8
What is the thousands digit of 4255?
4
What is the units digit of 1417?
7
What is the hundreds digit of 1458?
4
What is the thousands digit of 2674?
2
What is the units digit of 1702?
2
What is the thousands digit of 1241?
1
What is the thousands digit of 5347?
5
What is the hundreds digit of 2694?
6
What is the units digit of 882?
2
What is the thousands digit of 3902?
3
What is the units digit of 961?
1
What is the units digit of 146234?
4
What is the thousands digit of 9993?
9
What is the units digit of 3032?
2
What is the hundreds digit of 250?
2
What is the thousands digit of 4326?
4
What is the hundreds digit of 11493?
4
What is the tens digit of 758?
5
What is the units digit of 3762?
2
What is the units digit of 253?
3
What is the hundreds digit of 2363?
3
What is the units digit of 648?
8
What is the hundreds digit of 1278?
2
What is the tens digit of 14820?
2
What is the hundreds digit of 5720?
7
What is the units digit of 15807?
7
What is the hundreds digit of 6050?
0
What is the hundreds digit of 27170?
1
What is the units digit of 67612?
2
What is the ten thousands digit of 12229?
1
What is the units digit of 819?
9
What is the hundreds digit of 87725?
7
What is the hundreds digit of 2061?
0
What is the thousands digit of 1559?
1
What is the units digit of 413?
3
What is the hundreds digit of 4292?
2
What is the hundreds digit of 4215?
2
What is the units digit of 1233?
3
What is the tens digit of 10225?
2
What is the hundreds digit of 3380?
3
What is the thousands digit of 1204?
1
What is the ten thousands digit of 36637?
3
What is the hundreds digit of 814?
8
What is the hundreds digit of 26403?
4
What is the units digit of 55963?
3
What is the tens digit of 121931?
3
What is the units digit of 2413?
3
What is the thousands digit of 4144?
4
What is the tens digit of 4420?
2
What is the thousands digit of 3755?
3
What is the hundreds digit of 41232?
2
What is the units digit of 58501?
1
What is the thousands digit of 84254?
4
What is the ten thousands digit of 49374?
4
What is the tens digit of 432?
3
What is the hundreds digit of 270?
2
What is the tens digit of 686?
8
What is the tens digit of 1307?
0
What is the tens digit of 913?
1
What is the tens digit of 9800?
0
What is the units digit of 11619?
9
What is the hundreds digit of 528?
5
What is the tens digit of 14387?
8
What is the units digit of 45881?
1
What is the hundreds digit of 1985?
9
What is the units digit of 18883?
3
What is the hundreds digit of 13798?
7
What is the units digit of 4368?
8
What is the tens digit of 106?
0
What is the thousands digit of 4527?
4
What is the tens digit of 356?
5
What is the thousands digit of 1809?
1
What is the tens digit of 4008?
0
What is the hundreds digit of 134884?
8
What is the units digit of 2221?
1
What is the thousands digit of 4472?
4
What is the tens digit of 1712?
1
What is the units digit of 14594?
4
What is the units digit of 428?
8
What is the thousands digit of 18783?
8
What is the thousands digit of 25964?
5
What is the thousands digit of 2128?
2
What is the tens digit of 137363?
6
What is the ten thousands digit of 24333?
2
What is the thousands digit of 6995?
6
What is the thousands digit of 14982?
4
What is the hundreds digit of 69105?
1
What is the thousands digit of 2287?
2
What is the units digit of 29056?
6
What is the tens digit of 2423?
2
What is the tens digit of 9674?
7
What is the thousands digit of 11401?
1
What is the thousands digit of 2073?
2
What is the units digit of 6906?
6
What is the tens digit of 3171?
7
What is the units digit of 81?
1
What is the tens digit of 7747?
4
What is the hundreds digit of 10259?
2
What is the hundreds digit of 3357?
3
What is the hundreds digit of 4978?
9
What is the ten thousands digit of 14450?
1
What is the tens digit of 3004?
0
What is the ten thousands digit of 117866?
1
What is the tens digit of 99?
9
What is the thousands digit of 29053?
9
What is the units digit of 74109?
9
What is the units digit of 852?
2
What is the hundreds digit of 3682?
6
What is the thousands digit of 8297?
8
What is the units digit of 6619?
9
What is the hundreds digit of 3902?
9
What is the hundreds digit of 505?
5
What is the ten thousands digit of 11311?
1
What is the hundreds digit of 1843?
8
What is the tens digit of 63289?
8
What is the hundreds digit of 5400?
4
What is the hundreds digit of 6892?
8
What is the hundreds digit of 1766?
7
What is the thousands digit of 2776?
2
What is the hundreds digit of 898?
8
What is the hundreds digit of 4117?
1
What is the units digit of 2209?
9
What is the ten thousands digit of 16442?
1
What is the units digit of 37859?
9
What is the thousands digit of 1309?
1
What is the units digit of 17100?
0
What is the tens digit of 1019?
1
What is the units digit of 1311?
1
What is the hundreds digit of 34952?
9
What is the units digit of 5963?
3
What is the tens digit of 76?
7
What is the hundreds digit of 479?
4
What is the ten thousands digit of 28340?
2
What is the tens digit of 396?
9
What is the ten thousands digit of 11023?
1
What is the tens digit of 653?
5
What is the thousands digit of 9188?
9
What is the thousands digit of 5441?
5
What is the hundreds digit of 1530?
5
What is the units digit of 1328?
8
What is the ten thousands digit of 15016?
1
What is the ten thousands digit of 13333?
1
What is the ten thousands digit of 107728?
0
What is the tens digit of 1498?
9
What is the thousands digit of 28164?
8
What is the tens digit of 1626?
2
What is the units digit of 15892?
2
What is the hundreds digit of 36816?
8
What is the units digit of 59823?
3
What is the thousands digit of 2589?
2
What is the thousands digit of 31802?
1
What is the units digit of 172?
2
What is the tens digit of 1450?
5
What is the tens digit of 108289?
8
What is the units digit of 910?
0
What is the tens digit of 3981?
8
What is the units digit of 46889?
9
What is the tens digit of 112992?
9
What is the ten thousands digit of 30456?
3
What is the tens digit of 12335?
3
What is the hundreds digit of 1271?
2
What is the tens digit of 932?
3
What is the units digit of 1295?
5
What is the units digit of 980?
0
What is the thousands digit of 1440?
1
What is the tens digit of 92?
9
What is the tens digit of 281?
8
What is the ten thousands digit of 16084?
1
What is the hundreds digit of 86771?
7
What is the thousands digit of 12494?
2
What is the units digit of 51575?
5
What is the tens digit of 536?
3
What is the tens digit of 4963?
6
What is the tens digit of 557?
5
What is the thousands digit of 60241?
0
What is the units digi